-386. Suppose -2*f = s - 14, 2*s = 3*s - f - 2. Suppose -38 = -i + s. Calculate the remainder when o is divided by i.
42
Suppose -p - 80 + 179 = 0. Calculate the remainder when 492 is divided by p.
96
What is the remainder when 560 is divided by -7 + (-31)/(341/(-1320))?
108
Suppose 0 = 5*z - 108 - 162. Let j = -4 - 22. Let s = -12 - j. What is the remainder when z is divided by s?
12
Let d be -1 - (-3)/((-6)/(-34)). Suppose 0 = -5*s + d + 34. Let y = 42 + -3. Calculate the remainder when y is divided by s.
9
Suppose 667*y - 660*y - 112 = 0. What is the remainder when 127 is divided by y?
15
Let h = 31 - -15. What is the remainder when 366 is divided by h?
44
Let l = -6369 - -801. Calculate the remainder when 51 is divided by 4/18 - 0 - l/216.
25
Suppose 2*z - 5*j = -3*z + 20, 0 = -2*z - 3*j + 3. Suppose -z*w + 59 + 1 = 0. Calculate the remainder when 37 is divided by w.
17
Let q(h) be the second derivative of 11*h**5/20 - h**4/6 + 5*h. Let w be q(2). Let d = w - 56. What is the remainder when d is divided by 9?
6
Let k(x) = 33*x**3 + 1 - 136*x**3 + 0*x**2 - x**2. Suppose 84 = 4*j + 5*m, 42 = 3*j - 2*m - 21. Calculate the remainder when k(-1) is divided by j.
19
What is the remainder when 27/(-15)*(-14065)/87 is divided by 7?
4
Suppose 9*f = 271 - 190. What is the remainder when 19 is divided by f?
1
Suppose -156*k - 112 = -157*k. What is the remainder when k is divided by 19?
17
Let s(n) = n**2 - 5*n - 4. Let y be s(6). Let o(b) = 2*b**3 - 2*b**2 + 2*b + 2. Calculate the remainder when 68 is divided by o(y).
12
Let c(m) = -m**2 - 5*m + 7. Let k be c(-6). Let w be k*-1*(3 + -3). Suppose -2*s + 48 = 4*u, -2*u - 3*u + 5 = w. What is the remainder when s is divided by 12?
10
Let c = -10 + 16. Let r be 8/c - (-133)/(-21). Let m = r + 16. What is the remainder when 54 is divided by m?
10
Suppose -20*p = 21*p - 5043. What is the remainder when p is divided by 41?
0
Calculate the remainder when 95 is divided by (-11 + 8)*(-9 + 1 + -1).
14
Let m = 830 + -815. Let l = -190 + 277. Calculate the remainder when l is divided by m.
12
Suppose 0 = -3*y - 188 + 1118. Calculate the remainder when y is divided by 24.
22
Suppose 12*i + 94 = 514. Calculate the remainder when 1014 is divided by i.
34
Let v be 16/(-6)*18/(-8). Let l = v + -3. Let w = -270 + 281. Calculate the remainder when w is divided by l.
2
Suppose 17*r + 22*r - 117 = 0. What is the remainder when 3 is divided by r?
0
Let x = -406 - -571. Calculate the remainder when x is divided by (-1 + -2 + 17)/1.
11
Let u = -98 + 113. What is the remainder when 13 is divided by 2 + 13/(-5) - (-84)/u?
3
Let d(q) = 5*q - 38. Let l(h) = -2*h. Suppose 7*b = 3*b - 4. Calculate the remainder when d(9) is divided by l(b).
1
Let r(q) = -3*q + 2. Let s = -25 + 14. Calculate the remainder when r(s) is divided by 10.
5
Let s = -625 + 639. What is the remainder when 6/(-9) - 83/(-3) is divided by s?
13
Suppose 59 = 3*h - 0*d + d, -2*h - 2*d + 46 = 0. Let a = 29 - h. Calculate the remainder when 20 is divided by a.
9
Calculate the remainder when 10 is divided by (1 - -7) + 128/(-32).
2
Suppose 4*i = 2*f - 54, 0*f - 5*f + 4*i + 147 = 0. Calculate the remainder when 216 is divided by f.
30
Let f = 11 - -1. Let a be (-97)/(-3)*(-9 + f). Let c = 141 - a. What is the remainder when c is divided by 23?
21
What is the remainder when (183/2 - -2) + (-12)/(-24) is divided by 12?
10
Let c be 3 + -1 + -1 - -23*1. Let u = c - -11. Calculate the remainder when 69 is divided by u.
34
Suppose 3*d - 47 = -4*f - f, 4*f - 3*d = 43. Suppose 0 = u - 73 - f. Calculate the remainder when u is divided by 21.
20
Let p(b) be the second derivative of -b**4/12 - 5*b**3/3 - 7*b**2/2 + 11*b. Calculate the remainder when 35 is divided by p(-8).
8
Suppose 2*f - f = -4*s - 77, s + 16 = 3*f. Let k = s - -35. Let w(d) = 8*d - 10. Calculate the remainder when w(9) is divided by k.
14
Let g(m) = -m**2 + 0 + 0 + 10 + 3*m. What is the remainder when 29 is divided by g(0)?
9
Let g = 7 - -2. What is the remainder when (125/10*-2)/(-1) is divided by g?
7
Let f = -8 + 13. Suppose 0 = 3*q + 2*q - f. What is the remainder when 27 is divided by (q + -15)/(-2 + 1)?
13
Suppose 2*n - 381 = -5*i, 0*n + 5*n = -i + 90. Calculate the remainder when i is divided by 21.
12
Let a = -32 + 71. Let w = -52 - -92. What is the remainder when a is divided by (w/28)/((-1)/(-14))?
19
Let h(z) = z**2 - 8*z + 2. Let k be ((-2)/(-4))/(3/18). Suppose 2*y = l + 5*y + k, 5*l + 5*y = 25. Calculate the remainder when h(11) is divided by l.
8
Let p(a) = 34*a + 4. Let q(f) = 1463*f + 171. Let g(s) = 171*p(s) - 4*q(s). What is the remainder when g(-1) is divided by (-126)/(-10) - 2/(-5)?
12
Let u be 14/63 + 536/18. Let z = u + -22. Let b(v) = -v**3 + 11*v**2 - 10*v + 5. What is the remainder when z is divided by b(10)?
3
Let i(g) = 3*g**2 - 4*g - 10. Suppose -3*j + 2*d - 5 = -35, 0 = -2*j + 2*d + 18. Suppose -l = -0*l - j. What is the remainder when i(5) is divided by l?
9
Let k(v) be the third derivative of -v**5/30 - 7*v**4/8 - 2*v**3 - 12*v**2. Let x be k(-10). What is the remainder when 214/(x/1 + 4) is divided by 27?
26
Let t(v) = -v. Let n be t(2). Let w(l) = 2*l**2 - l - 2. Calculate the remainder when 28 is divided by w(n).
4
Let h = -40 + 62. Calculate the remainder when (-29950)/(-475) + 2/(-38) is divided by h.
19
Let m(g) = 4*g + 5. What is the remainder when 22 is divided by m(2)?
9
Suppose -280 + 78 = -5*b - 2*u, 2*u + 134 = 3*b. What is the remainder when 69 is divided by b?
27
What is the remainder when 149 is divided by (6/30)/((-2)/(-430))?
20
Let b(t) = 2*t + 24. Let y be b(-13). Let p = y - -28. What is the remainder when p is divided by 9?
8
Let c be (7/(-21) - (-465)/(-9))*-1. Suppose m - 4*m = 6, 0 = 4*z + 4*m - c. Calculate the remainder when 134 is divided by z.
14
Let s(y) = -y**3 - y - 6. Let k = 6 - 8. Let j be s(k). Suppose o + 3*o + 3*f - 9 = 0, -3*o = -j*f - 38. What is the remainder when 9 is divided by o?
3
Let f(c) = -c + 37. What is the remainder when 134 is divided by f(10)?
26
Suppose -5*q + 5 - 30 = -2*j, -4*j + 2*q + 42 = 0. What is the remainder when 45 is divided by j?
5
Let t(i) = -i**2 - 24*i - 48. Calculate the remainder when t(-9) is divided by 54.
33
Let w(n) = -n**3 + 28*n**2 + 13. Calculate the remainder when 114 is divided by w(28).
10
Suppose 3*u = -6, q + 3*u = -q + 56. Let t(c) = -c**3 - c**2 + 10*c - 2. Let l be t(-8). What is the remainder when (l/15)/((-2)/(-5)) is divided by q?
30
Suppose 2*h = -4*i + 146, h = 3*i + i + 79. Suppose -25*y + 782 = 307. Calculate the remainder when h is divided by y.
18
Let p = -155 - -175. What is the remainder when 393 is divided by p?
13
Suppose -2*v + 25 = 4*a - v, -2*v + 5 = -a. What is the remainder when a is divided by 12 + (-30)/(-6) + -13?
1
Suppose -a - 24 = -4*s, 2*a + 17 + 13 = 5*s. Suppose 2*u - s*u = -88. Let i(l) = l**2 + 12. Calculate the remainder when u is divided by i(0).
10
Let f = 96 - 58. Let u = -14 + 44. Let l = u + -10. Calculate the remainder when f is divided by l.
18
Let h(z) = -7 + 2*z + 1 + z. Let v(c) = -c**3 + 10*c**2 + 2*c - 15. What is the remainder when h(6) is divided by v(10)?
2
Suppose -2 = -3*u + 7. Let q be 4 + (6 - (0 + -2)). Suppose h + u = q. Calculate the remainder when h is divided by 5.
4
Let d(k) = k + 2. Let h be d(0). Let t = 5 - h. Suppose 48*u - 50*u + 22 = 0. Calculate the remainder when u is divided by t.
2
What is the remainder when (181/2)/(21*(-17)/(-12138)) is divided by 77?
74
Let j(c) = 3*c + 23. Let q(s) be the first derivative of -2*s**2 - 22*s - 8. Let v(m) = -3*j(m) - 4*q(m). What is the remainder when v(6) is divided by 9?
7
Let i = -37 + 38. What is the remainder when 27 is divided by 2/i + (-6 - -12)?
3
Calculate the remainder when 116 is divided by 6/(-8)*(-44 + -8).
38
Let r = 125 - 84. Let q(m) = -5*m + 2. Calculate the remainder when r is divided by q(-4).
19
Let x be 25/(-5)*8/(-10). Let l be 12/16 + 153/x. Let b = -13 + l. What is the remainder when b is divided by 7?
5
Let x = -51 + 82. Suppose -n + 112 = y - 3*n, -4*y + n = -483. Calculate the remainder when y is divided by x.
29
Suppose -85 = 8*b - 437. Suppose 5*m = 2*q + 126, 2*m - 8*q = -4*q + b. What is the remainder when 36 is divided by m?
10
Let w be (-2136)/32 + ((-7)/(-